{"id":233,"date":"2023-05-02T10:26:45","date_gmt":"2023-05-02T14:26:45","guid":{"rendered":"http:\/\/0823152.cpsw-fcsei.com\/wordpress\/?page_id=233"},"modified":"2023-05-02T11:18:13","modified_gmt":"2023-05-02T15:18:13","slug":"acceuil-2","status":"publish","type":"page","link":"http:\/\/0823152.cpsw-fcsei.com\/wordpress\/acceuil-2\/","title":{"rendered":"Montvoyage est \u00e0 votre \u00e9coute!"},"content":{"rendered":"\n<div class=\"wp-block-group has-global-padding is-layout-constrained wp-container-core-group-is-layout-5ff085c6 wp-block-group-is-layout-constrained\" style=\"margin-top:0px;margin-bottom:0px;padding-top:60px;padding-right:20px;padding-bottom:60px;padding-left:20px\">\n<div class=\"wp-block-group alignwide is-layout-flow wp-block-group-is-layout-flow\">\n<div class=\"wp-block-group has-global-padding is-layout-constrained wp-block-group-is-layout-constrained\" style=\"margin-top:0px;margin-bottom:50px\">\n<h2 class=\"wp-block-heading has-text-align-center has-primary-color has-text-color has-allison-font-family has-large-font-size\" style=\"margin-top:0px;margin-right:0px;margin-bottom:0px;margin-left:0px;font-style:normal;font-weight:400\">Notre \u00c9quipe<\/h2>\n\n\n\n<h2 class=\"wp-block-heading has-text-align-center has-huge-font-size\" style=\"margin-top:0px;margin-bottom:0px;letter-spacing:1px\">\u00e0 votre service<\/h2>\n\n\n\n<p class=\"has-text-align-center\" style=\"margin-top:25px\">Notre \u00e9quipe de professionnel se fera un plaisir de r\u00e9pondre \u00e0 toutes vos questions<\/p>\n<\/div>\n\n\n\n<div class=\"wp-block-group is-layout-flow wp-block-group-is-layout-flow\">\n<div class=\"wp-block-columns is-layout-flex wp-container-core-columns-is-layout-28f84493 wp-block-columns-is-layout-flex\">\n<div class=\"wp-block-column is-layout-flow wp-block-column-is-layout-flow\">\n<div class=\"wp-block-group has-secondary-background-color has-background has-global-padding is-layout-constrained wp-container-core-group-is-layout-93ba59a5 wp-block-group-is-layout-constrained\" style=\"border-radius:10px;padding-top:40px;padding-right:30px;padding-bottom:40px;padding-left:30px\">\n<div class=\"wp-block-group has-global-padding is-content-justification-center is-layout-constrained wp-container-core-group-is-layout-b7eb68a8 wp-block-group-is-layout-constrained\" style=\"margin-bottom:40px\">\n<div class=\"wp-block-group alignwide featured-icon has-body-text-background-color has-background has-global-padding is-content-justification-left is-layout-constrained wp-container-core-group-is-layout-1fe520c1 wp-block-group-is-layout-constrained\" style=\"padding-top:15px;padding-right:15px;padding-bottom:15px;padding-left:15px\">\n<figure class=\"wp-block-image size-full is-resized is-style-default\"><img loading=\"lazy\" decoding=\"async\" src=\"http:\/\/0823152.cpsw-fcsei.com\/wordpress\/wp-content\/uploads\/2023\/04\/jacques-2.jpg\" alt=\"\" class=\"wp-image-106\" width=\"153\" height=\"192\"\/><\/figure>\n<\/div>\n<\/div>\n\n\n\n<div class=\"wp-block-group has-global-padding is-layout-constrained wp-block-group-is-layout-constrained\" style=\"margin-top:0px;margin-bottom:0px\">\n<h3 class=\"wp-block-heading has-text-align-center\" style=\"margin-bottom:0px\">Jacques Hamel<\/h3>\n\n\n\n<div class=\"wp-block-group is-content-justification-center is-nowrap is-layout-flex wp-container-core-group-is-layout-1d1e5cf5 wp-block-group-is-layout-flex\" style=\"margin-top:0px;margin-bottom:0px\">\n<figure class=\"wp-block-image aligncenter size-full\"><img decoding=\"async\" src=\"http:\/\/0823152.cpsw-fcsei.com\/wordpress\/wp-content\/themes\/elevated-lite\/assets\/img\/features\/seprator.png\" alt=\"\" class=\"wp-image-63\"\/><\/figure>\n<\/div>\n\n\n\n<p class=\"has-text-align-center\">Propri\u00e9taire de MontVoyage avec plus de 20 ans d&rsquo;exp\u00e9rience dans l&rsquo;industrie du tourisme. Son objectif est de cr\u00e9er des exp\u00e9riences inoubliables pour ses clients.\u00a0\u00bb<\/p>\n<\/div>\n<\/div>\n<\/div>\n\n\n\n<div class=\"wp-block-column is-layout-flow wp-block-column-is-layout-flow\">\n<div class=\"wp-block-group has-secondary-background-color has-background has-global-padding is-layout-constrained wp-container-core-group-is-layout-93ba59a5 wp-block-group-is-layout-constrained\" style=\"border-radius:10px;padding-top:40px;padding-right:30px;padding-bottom:40px;padding-left:30px\">\n<div class=\"wp-block-group has-global-padding is-content-justification-center is-layout-constrained wp-container-core-group-is-layout-b7eb68a8 wp-block-group-is-layout-constrained\" style=\"margin-bottom:40px\">\n<div class=\"wp-block-group featured-icon has-body-text-background-color has-background has-global-padding is-content-justification-left is-layout-constrained wp-container-core-group-is-layout-1fe520c1 wp-block-group-is-layout-constrained\" style=\"padding-top:15px;padding-right:15px;padding-bottom:15px;padding-left:15px\">\n<figure class=\"wp-block-image aligncenter size-full is-resized is-style-default\"><img loading=\"lazy\" decoding=\"async\" src=\"http:\/\/0823152.cpsw-fcsei.com\/wordpress\/wp-content\/uploads\/2023\/04\/sophie1.jpg\" alt=\"\" class=\"wp-image-102\" width=\"160\" height=\"209\" srcset=\"http:\/\/0823152.cpsw-fcsei.com\/wordpress\/wp-content\/uploads\/2023\/04\/sophie1.jpg 247w, http:\/\/0823152.cpsw-fcsei.com\/wordpress\/wp-content\/uploads\/2023\/04\/sophie1-229x300.jpg 229w\" sizes=\"auto, (max-width: 160px) 100vw, 160px\" \/><\/figure>\n<\/div>\n<\/div>\n\n\n\n<div class=\"wp-block-group has-global-padding is-layout-constrained wp-block-group-is-layout-constrained\" style=\"margin-top:0px;margin-bottom:0px\">\n<h3 class=\"wp-block-heading has-text-align-center\" style=\"margin-bottom:0px\">Sophie Patel<\/h3>\n\n\n\n<div class=\"wp-block-group is-content-justification-center is-nowrap is-layout-flex wp-container-core-group-is-layout-1d1e5cf5 wp-block-group-is-layout-flex\" style=\"margin-top:0px;margin-bottom:0px\">\n<figure class=\"wp-block-image aligncenter size-full\"><img decoding=\"async\" src=\"http:\/\/0823152.cpsw-fcsei.com\/wordpress\/wp-content\/themes\/elevated-lite\/assets\/img\/features\/seprator.png\" alt=\"\" class=\"wp-image-63\"\/><\/figure>\n<\/div>\n\n\n\n<p class=\"has-text-align-center\">Agente de voyage passionn\u00e9e avec plus de 11 ans d&rsquo;exp\u00e9rience. Sophie aime aider ses clients \u00e0 planifier leurs vacances de r\u00eave et \u00e0 d\u00e9couvrir de nouveaux endroits incroyables.<\/p>\n<\/div>\n<\/div>\n<\/div>\n\n\n\n<div class=\"wp-block-column is-layout-flow wp-block-column-is-layout-flow\">\n<div class=\"wp-block-group has-secondary-background-color has-background has-global-padding is-layout-constrained wp-container-core-group-is-layout-93ba59a5 wp-block-group-is-layout-constrained\" style=\"border-radius:10px;padding-top:40px;padding-right:30px;padding-bottom:40px;padding-left:30px\">\n<div class=\"wp-block-group has-global-padding is-content-justification-center is-layout-constrained wp-container-core-group-is-layout-b7eb68a8 wp-block-group-is-layout-constrained\" style=\"margin-bottom:40px\">\n<div class=\"wp-block-group featured-icon has-body-text-background-color has-background has-global-padding is-content-justification-left is-layout-constrained wp-container-core-group-is-layout-1fe520c1 wp-block-group-is-layout-constrained\" style=\"padding-top:15px;padding-right:15px;padding-bottom:15px;padding-left:15px\">\n<figure class=\"wp-block-image aligncenter size-full is-resized is-style-default\"><img loading=\"lazy\" decoding=\"async\" src=\"http:\/\/0823152.cpsw-fcsei.com\/wordpress\/wp-content\/uploads\/2023\/04\/lukas.jpg\" alt=\"\" class=\"wp-image-105\" width=\"141\" height=\"205\" srcset=\"http:\/\/0823152.cpsw-fcsei.com\/wordpress\/wp-content\/uploads\/2023\/04\/lukas.jpg 211w, http:\/\/0823152.cpsw-fcsei.com\/wordpress\/wp-content\/uploads\/2023\/04\/lukas-205x300.jpg 205w\" sizes=\"auto, (max-width: 141px) 100vw, 141px\" \/><\/figure>\n<\/div>\n<\/div>\n\n\n\n<div class=\"wp-block-group has-global-padding is-layout-constrained wp-block-group-is-layout-constrained\" style=\"margin-top:0px;margin-bottom:0px\">\n<h3 class=\"wp-block-heading has-text-align-center\" style=\"margin-bottom:0px\">Lucas Ramirez<\/h3>\n\n\n\n<div class=\"wp-block-group is-content-justification-center is-nowrap is-layout-flex wp-container-core-group-is-layout-1d1e5cf5 wp-block-group-is-layout-flex\" style=\"margin-top:0px;margin-bottom:0px\">\n<figure class=\"wp-block-image aligncenter size-full\"><img decoding=\"async\" src=\"http:\/\/0823152.cpsw-fcsei.com\/wordpress\/wp-content\/themes\/elevated-lite\/assets\/img\/features\/seprator.png\" alt=\"\" class=\"wp-image-63\"\/><\/figure>\n<\/div>\n\n\n\n<p class=\"has-text-align-center\">Lucas est sp\u00e9cialis\u00e9 dans l&rsquo;organisation de voyages de groupe depuis 6 ans. Il adore cr\u00e9er des itin\u00e9raires sur mesure pour des exp\u00e9riences uniques et m\u00e9morables<\/p>\n<\/div>\n<\/div>\n<\/div>\n<\/div>\n<\/div>\n<\/div>\n<\/div>\n","protected":false},"excerpt":{"rendered":"<p> [&hellip;]<\/p>\n","protected":false},"author":1,"featured_media":245,"parent":0,"menu_order":0,"comment_status":"closed","ping_status":"closed","template":"","meta":{"footnotes":""},"class_list":["post-233","page","type-page","status-publish","has-post-thumbnail","hentry"],"_links":{"self":[{"href":"http:\/\/0823152.cpsw-fcsei.com\/wordpress\/wp-json\/wp\/v2\/pages\/233","targetHints":{"allow":["GET"]}}],"collection":[{"href":"http:\/\/0823152.cpsw-fcsei.com\/wordpress\/wp-json\/wp\/v2\/pages"}],"about":[{"href":"http:\/\/0823152.cpsw-fcsei.com\/wordpress\/wp-json\/wp\/v2\/types\/page"}],"author":[{"embeddable":true,"href":"http:\/\/0823152.cpsw-fcsei.com\/wordpress\/wp-json\/wp\/v2\/users\/1"}],"replies":[{"embeddable":true,"href":"http:\/\/0823152.cpsw-fcsei.com\/wordpress\/wp-json\/wp\/v2\/comments?post=233"}],"version-history":[{"count":6,"href":"http:\/\/0823152.cpsw-fcsei.com\/wordpress\/wp-json\/wp\/v2\/pages\/233\/revisions"}],"predecessor-version":[{"id":260,"href":"http:\/\/0823152.cpsw-fcsei.com\/wordpress\/wp-json\/wp\/v2\/pages\/233\/revisions\/260"}],"wp:featuredmedia":[{"embeddable":true,"href":"http:\/\/0823152.cpsw-fcsei.com\/wordpress\/wp-json\/wp\/v2\/media\/245"}],"wp:attachment":[{"href":"http:\/\/0823152.cpsw-fcsei.com\/wordpress\/wp-json\/wp\/v2\/media?parent=233"}],"curies":[{"name":"wp","href":"https:\/\/api.w.org\/{rel}","templated":true}]}}